{"id":991,"date":"2018-02-28T16:48:44","date_gmt":"2018-02-28T19:48:44","guid":{"rendered":"http:\/\/sites.usp.br\/uspcidades\/?page_id=991"},"modified":"2018-08-30T10:52:12","modified_gmt":"2018-08-30T13:52:12","slug":"curriculo-rodolfo","status":"publish","type":"page","link":"https:\/\/sites.usp.br\/uspcidades\/curriculo-rodolfo\/","title":{"rendered":"Prof. Dr. Jos\u00e9 Rodolfo Scarati Martins"},"content":{"rendered":"<p>Engenheiro Civil, Mestre, Doutor e Livre-Docente em Engenharia pela Universidade de S\u00e3o Paulo, atualmente \u00e9 professor associado do Departamento de Engenharia Hidr\u00e1ulica e Ambiental da Escola Polit\u00e9cnica da USP, onde atua nos cursos de gradua\u00e7\u00e3o e p\u00f3s gradua\u00e7\u00e3o em engenharia civil, engenharia ambiental e arquitetura. \u00c9 pesquisador nas linhas de Modelagem Hidrodin\u00e2mica, Drenagem Urbana e Seguran\u00e7a de Barragens com foco em modelagem tridimensional hidrodin\u00e2mica e de qualidade das \u00e1guas de lagos e reservat\u00f3rios, gest\u00e3o sustent\u00e1vel da drenagem urbana, mapeamento de risco de inunda\u00e7\u00f5es e avalia\u00e7\u00e3o de impactos de barragens. <strong>(Texto informado pelo autor no Lattes)<\/strong><\/p>\n","protected":false},"excerpt":{"rendered":"<p>Engenheiro Civil, Mestre, Doutor e Livre-Docente em Engenharia pela Universidade de S\u00e3o Paulo, atualmente \u00e9 professor associado do Departamento de Engenharia Hidr\u00e1ulica e Ambiental da Escola Polit\u00e9cnica da USP, onde atua nos cursos de gradua\u00e7\u00e3o e p\u00f3s gradua\u00e7\u00e3o em engenharia civil, engenharia ambiental e arquitetura. \u00c9 pesquisador nas linhas de Modelagem Hidrodin\u00e2mica, Drenagem Urbana e [&hellip;]<\/p>\n","protected":false},"author":480,"featured_media":0,"parent":0,"menu_order":0,"comment_status":"closed","ping_status":"closed","template":"","meta":{"footnotes":"","_links_to":"","_links_to_target":""},"class_list":["post-991","page","type-page","status-publish","hentry"],"_links":{"self":[{"href":"https:\/\/sites.usp.br\/uspcidades\/wp-json\/wp\/v2\/pages\/991","targetHints":{"allow":["GET"]}}],"collection":[{"href":"https:\/\/sites.usp.br\/uspcidades\/wp-json\/wp\/v2\/pages"}],"about":[{"href":"https:\/\/sites.usp.br\/uspcidades\/wp-json\/wp\/v2\/types\/page"}],"author":[{"embeddable":true,"href":"https:\/\/sites.usp.br\/uspcidades\/wp-json\/wp\/v2\/users\/480"}],"replies":[{"embeddable":true,"href":"https:\/\/sites.usp.br\/uspcidades\/wp-json\/wp\/v2\/comments?post=991"}],"version-history":[{"count":2,"href":"https:\/\/sites.usp.br\/uspcidades\/wp-json\/wp\/v2\/pages\/991\/revisions"}],"predecessor-version":[{"id":1119,"href":"https:\/\/sites.usp.br\/uspcidades\/wp-json\/wp\/v2\/pages\/991\/revisions\/1119"}],"wp:attachment":[{"href":"https:\/\/sites.usp.br\/uspcidades\/wp-json\/wp\/v2\/media?parent=991"}],"curies":[{"name":"wp","href":"https:\/\/api.w.org\/{rel}","templated":true}]}}