{"id":427,"date":"2024-10-24T17:29:49","date_gmt":"2024-10-24T19:29:49","guid":{"rendered":"https:\/\/sites.usp.br\/uspnaescolinha\/material\/ebook\/"},"modified":"2024-10-24T17:38:47","modified_gmt":"2024-10-24T19:38:47","slug":"ebook","status":"publish","type":"page","link":"https:\/\/sites.usp.br\/uspnaescolinha\/material\/ebook\/","title":{"rendered":"EBOOK"},"content":{"rendered":"<p><a href=\"https:\/\/e.usp.br\/rfu\"><img loading=\"lazy\" decoding=\"async\" class=\"size-medium wp-image-431 aligncenter\" src=\"https:\/\/sites.usp.br\/uspnaescolinha\/wp-content\/uploads\/sites\/717\/2024\/10\/1-211x300.jpg\" alt=\"\" width=\"211\" height=\"300\" srcset=\"https:\/\/sites.usp.br\/uspnaescolinha\/wp-content\/uploads\/sites\/717\/2024\/10\/1-211x300.jpg 211w, https:\/\/sites.usp.br\/uspnaescolinha\/wp-content\/uploads\/sites\/717\/2024\/10\/1.jpg 222w\" sizes=\"auto, (max-width: 211px) 100vw, 211px\" \/><\/a><\/p>\n<h1 class=\"title\"><a href=\"https:\/\/e.usp.br\/rfu\"><span style=\"color: #0000ff;\">Comece no zero e termine no dez: Dez instru\u00e7\u00f5es para desenvolvimento de projetos de extens\u00e3o baseado em experi\u00eancia pr\u00e1tica<\/span><\/a><\/h1>\n<p>&nbsp;<\/p>\n<div class=\"item authors\">\n<div class=\"sub_item\">\n<div class=\"label\">Delaine Goulart da Rocha<\/div>\n<div class=\"value\">Universidade de S\u00e3o Paulo. Faculdade de Zootecnia e Engenharia de Alimentos<\/div>\n<p><span class=\"orcid\">\u00a0<a href=\"https:\/\/orcid.org\/0000-0002-1323-598X\" target=\"_blank\" rel=\"noopener\">https:\/\/orcid.org\/0000-0002-1323-598X<\/a><\/span><\/p>\n<\/div>\n<div><\/div>\n<div class=\"sub_item\">\n<div class=\"label\">Carolina Fernanda Pav\u00e3o<\/div>\n<div class=\"value\">Universidade de S\u00e3o Paulo. Faculdade de Zootecnia e Engenharia de Alimentos &#8211; Escolinha<\/div>\n<p><span class=\"orcid\">\u00a0<a href=\"https:\/\/orcid.org\/0009-0004-7282-7565\" target=\"_blank\" rel=\"noopener\">https:\/\/orcid.org\/0009-0004-7282-7565<\/a><\/span><\/p>\n<\/div>\n<div><\/div>\n<\/div>\n<div class=\"item doi\"><span class=\"label\">DOI:\u00a0<\/span><span class=\"value\"><a href=\"https:\/\/doi.org\/10.11606\/9786587023427\">https:\/\/doi.org\/10.11606\/9786587023427<\/a><\/span><\/div>\n<div class=\"item keywords\">\n<h2 class=\"label\"><span style=\"color: #0000ff;\">Palavras-chave:<\/span><\/h2>\n<p><span class=\"value\">Projetos de extens\u00e3o, Administra\u00e7\u00e3o do tempo, Gest\u00e3o de custos, Gerenciamento de riscos<\/span><\/p>\n<\/div>\n<div class=\"item abstract\">\n<h2 class=\"label\"><span style=\"color: #0000ff;\">Sinopse<\/span><\/h2>\n<div class=\"value\">\n<p style=\"text-align: center;\">A obra apresenta dez instru\u00e7\u00f5es para o desenvolvimento de projetos de extens\u00e3o baseado em uma experi\u00eancia pr\u00e1tica. Os primeiros cap\u00edtulos versam sobre uma estrutura\u00e7\u00e3o da ideia e os elementos que comp\u00f5em. A apresenta\u00e7\u00e3o de gerenciamento do tempo, custos e riscos para a melhor sa\u00fade do projeto. A parte final engloba controle e avalia\u00e7\u00e3o. A proposta \u00e9 apresentar ao leitor a organiza\u00e7\u00e3o para execu\u00e7\u00e3o de projetos e estimular o desenvolvimento de projetos.<\/p>\n<\/div>\n<\/div>\n","protected":false},"excerpt":{"rendered":"<p>Comece no zero e termine no dez: Dez instru\u00e7\u00f5es para desenvolvimento de projetos de extens\u00e3o baseado em experi\u00eancia pr\u00e1tica &nbsp; Delaine Goulart da Rocha Universidade de S\u00e3o Paulo. Faculdade de Zootecnia e Engenharia de Alimentos \u00a0https:\/\/orcid.org\/0000-0002-1323-598X Carolina Fernanda Pav\u00e3o Universidade de S\u00e3o Paulo. Faculdade de Zootecnia e Engenharia de Alimentos &#8211; Escolinha \u00a0https:\/\/orcid.org\/0009-0004-7282-7565 DOI:\u00a0https:\/\/doi.org\/10.11606\/9786587023427 Palavras-chave: [&hellip;]<\/p>\n","protected":false},"author":21819,"featured_media":0,"parent":64,"menu_order":0,"comment_status":"closed","ping_status":"closed","template":"","meta":{"footnotes":"","_links_to":"","_links_to_target":""},"class_list":["post-427","page","type-page","status-publish","hentry"],"_links":{"self":[{"href":"https:\/\/sites.usp.br\/uspnaescolinha\/wp-json\/wp\/v2\/pages\/427","targetHints":{"allow":["GET"]}}],"collection":[{"href":"https:\/\/sites.usp.br\/uspnaescolinha\/wp-json\/wp\/v2\/pages"}],"about":[{"href":"https:\/\/sites.usp.br\/uspnaescolinha\/wp-json\/wp\/v2\/types\/page"}],"author":[{"embeddable":true,"href":"https:\/\/sites.usp.br\/uspnaescolinha\/wp-json\/wp\/v2\/users\/21819"}],"replies":[{"embeddable":true,"href":"https:\/\/sites.usp.br\/uspnaescolinha\/wp-json\/wp\/v2\/comments?post=427"}],"version-history":[{"count":3,"href":"https:\/\/sites.usp.br\/uspnaescolinha\/wp-json\/wp\/v2\/pages\/427\/revisions"}],"predecessor-version":[{"id":433,"href":"https:\/\/sites.usp.br\/uspnaescolinha\/wp-json\/wp\/v2\/pages\/427\/revisions\/433"}],"up":[{"embeddable":true,"href":"https:\/\/sites.usp.br\/uspnaescolinha\/wp-json\/wp\/v2\/pages\/64"}],"wp:attachment":[{"href":"https:\/\/sites.usp.br\/uspnaescolinha\/wp-json\/wp\/v2\/media?parent=427"}],"curies":[{"name":"wp","href":"https:\/\/api.w.org\/{rel}","templated":true}]}}