{"id":226,"date":"2023-08-02T18:30:29","date_gmt":"2023-08-02T21:30:29","guid":{"rendered":"https:\/\/sites.usp.br\/uspsustentabilidade\/?page_id=226"},"modified":"2023-08-17T22:34:08","modified_gmt":"2023-08-18T01:34:08","slug":"blog","status":"publish","type":"page","link":"https:\/\/sites.usp.br\/uspsustentabilidade\/blog\/","title":{"rendered":"Blog"},"content":{"rendered":"\t\t<div data-elementor-type=\"wp-page\" data-elementor-id=\"226\" class=\"elementor elementor-226\">\n\t\t\t\t\t\t<section class=\"elementor-section elementor-top-section elementor-element elementor-element-bb655fe elementor-section-boxed elementor-section-height-default elementor-section-height-default\" data-id=\"bb655fe\" data-element_type=\"section\">\n\t\t\t\t\t\t<div class=\"elementor-container elementor-column-gap-default\">\n\t\t\t\t\t<div class=\"elementor-column elementor-col-33 elementor-top-column elementor-element elementor-element-3012668\" data-id=\"3012668\" data-element_type=\"column\">\n\t\t\t<div class=\"elementor-widget-wrap elementor-element-populated\">\n\t\t\t\t\t\t<div class=\"elementor-element elementor-element-6f710f0 elementor-widget-divider--view-line elementor-widget elementor-widget-divider\" data-id=\"6f710f0\" data-element_type=\"widget\" data-widget_type=\"divider.default\">\n\t\t\t\t<div class=\"elementor-widget-container\">\n\t\t\t\t\t<div class=\"elementor-divider\">\n\t\t\t<span class=\"elementor-divider-separator\">\n\t\t\t\t\t\t<\/span>\n\t\t<\/div>\n\t\t\t\t<\/div>\n\t\t\t\t<\/div>\n\t\t\t\t\t<\/div>\n\t\t<\/div>\n\t\t\t\t<div class=\"elementor-column elementor-col-33 elementor-top-column elementor-element elementor-element-3667571\" data-id=\"3667571\" data-element_type=\"column\">\n\t\t\t<div class=\"elementor-widget-wrap elementor-element-populated\">\n\t\t\t\t\t\t<div class=\"elementor-element elementor-element-b130877 elementor-widget elementor-widget-heading\" data-id=\"b130877\" data-element_type=\"widget\" data-widget_type=\"heading.default\">\n\t\t\t\t<div class=\"elementor-widget-container\">\n\t\t\t<h2 class=\"elementor-heading-title elementor-size-default\">\u00daltimas Publica\u00e7\u00f5es<\/h2>\t\t<\/div>\n\t\t\t\t<\/div>\n\t\t\t\t\t<\/div>\n\t\t<\/div>\n\t\t\t\t<div class=\"elementor-column elementor-col-33 elementor-top-column elementor-element elementor-element-aff9fe2\" data-id=\"aff9fe2\" data-element_type=\"column\">\n\t\t\t<div class=\"elementor-widget-wrap elementor-element-populated\">\n\t\t\t\t\t\t<div class=\"elementor-element elementor-element-f3df3e9 elementor-widget-divider--view-line elementor-widget elementor-widget-divider\" data-id=\"f3df3e9\" data-element_type=\"widget\" data-widget_type=\"divider.default\">\n\t\t\t\t<div class=\"elementor-widget-container\">\n\t\t\t\t\t<div class=\"elementor-divider\">\n\t\t\t<span class=\"elementor-divider-separator\">\n\t\t\t\t\t\t<\/span>\n\t\t<\/div>\n\t\t\t\t<\/div>\n\t\t\t\t<\/div>\n\t\t\t\t\t<\/div>\n\t\t<\/div>\n\t\t\t\t\t<\/div>\n\t\t<\/section>\n\t\t\t\t<section class=\"elementor-section elementor-top-section elementor-element elementor-element-7017931 elementor-section-boxed elementor-section-height-default elementor-section-height-default\" data-id=\"7017931\" data-element_type=\"section\">\n\t\t\t\t\t\t<div class=\"elementor-container elementor-column-gap-default\">\n\t\t\t\t\t<div class=\"elementor-column elementor-col-100 elementor-top-column elementor-element elementor-element-90f3fa5\" data-id=\"90f3fa5\" data-element_type=\"column\">\n\t\t\t<div class=\"elementor-widget-wrap elementor-element-populated\">\n\t\t\t\t\t\t<div class=\"elementor-element elementor-element-26be492 premium-blog-align-left elementor-widget elementor-widget-premium-addon-blog\" data-id=\"26be492\" data-element_type=\"widget\" data-settings=\"{&quot;premium_blog_columns_number&quot;:&quot;33.33%&quot;,&quot;premium_blog_grid&quot;:&quot;yes&quot;,&quot;premium_blog_layout&quot;:&quot;even&quot;,&quot;premium_blog_columns_number_tablet&quot;:&quot;50%&quot;,&quot;premium_blog_columns_number_mobile&quot;:&quot;100%&quot;}\" data-widget_type=\"premium-addon-blog.default\">\n\t\t\t\t<div class=\"elementor-widget-container\">\n\t\t\t\r\n\t\t\t\t<div class=\"premium-blog-wrap  premium-blog-even\" data-page=\"226\">\r\n\t\t\t\t\t<div class=\"premium-blog-post-outer-container\" data-total=\"1\">\r\n\t\t\t<div class=\"premium-blog-post-container premium-blog-skin-classic\">\r\n\t\t\t\t\t\t\t\t\t<div class=\"premium-blog-thumb-effect-wrapper\">\r\n\t\t\t\t\t\t<div class=\"premium-blog-thumbnail-container premium-blog-zoomin-effect\">\r\n\t\t\t\t\t\t\t<img fetchpriority=\"high\" decoding=\"async\" width=\"1080\" height=\"1080\" src=\"https:\/\/sites.usp.br\/uspsustentabilidade\/wp-content\/uploads\/sites\/1253\/2023\/08\/Post-apresentacao-e-boas-vindas-USP-Sustentabilidade.png\" class=\"attachment-full size-full wp-image-244\" alt=\"\" srcset=\"https:\/\/sites.usp.br\/uspsustentabilidade\/wp-content\/uploads\/sites\/1253\/2023\/08\/Post-apresentacao-e-boas-vindas-USP-Sustentabilidade.png 1080w, https:\/\/sites.usp.br\/uspsustentabilidade\/wp-content\/uploads\/sites\/1253\/2023\/08\/Post-apresentacao-e-boas-vindas-USP-Sustentabilidade-300x300.png 300w, https:\/\/sites.usp.br\/uspsustentabilidade\/wp-content\/uploads\/sites\/1253\/2023\/08\/Post-apresentacao-e-boas-vindas-USP-Sustentabilidade-1024x1024.png 1024w, https:\/\/sites.usp.br\/uspsustentabilidade\/wp-content\/uploads\/sites\/1253\/2023\/08\/Post-apresentacao-e-boas-vindas-USP-Sustentabilidade-150x150.png 150w, https:\/\/sites.usp.br\/uspsustentabilidade\/wp-content\/uploads\/sites\/1253\/2023\/08\/Post-apresentacao-e-boas-vindas-USP-Sustentabilidade-768x768.png 768w, https:\/\/sites.usp.br\/uspsustentabilidade\/wp-content\/uploads\/sites\/1253\/2023\/08\/Post-apresentacao-e-boas-vindas-USP-Sustentabilidade-600x600.png 600w, https:\/\/sites.usp.br\/uspsustentabilidade\/wp-content\/uploads\/sites\/1253\/2023\/08\/Post-apresentacao-e-boas-vindas-USP-Sustentabilidade-64x64.png 64w, https:\/\/sites.usp.br\/uspsustentabilidade\/wp-content\/uploads\/sites\/1253\/2023\/08\/Post-apresentacao-e-boas-vindas-USP-Sustentabilidade-45x45.png 45w\" sizes=\"(max-width: 1080px) 100vw, 1080px\" \/>\t\t\t\t\t\t<\/div>\r\n\t\t\t\t\t\t\t\t\t\t\t\t\t<div class=\"premium-blog-thumbnail-overlay\">\r\n\t\t\t\t\t\t\t\t<a class=\"elementor-icon\" href=\"https:\/\/sites.usp.br\/uspsustentabilidade\/2023\/08\/02\/conheca-o-usp-sustentarea\/\" target=\"_blank\" aria-hidden=\"true\"><span>Conhe\u00e7a o USP Sustentarea<\/span><\/a>\r\n\t\t\t\t\t\t\t<\/div>\r\n\r\n\t\t\t\t\t\t\t\t\t\t\t\t\t\t\t\t\t\t<\/div>\r\n\t\t\t\t\t\t\t\t\t\t\t\t<div class=\"premium-blog-content-wrapper \">\r\n\r\n\t\t\t\t\t<div class=\"premium-blog-inner-container\">\r\n\r\n\t\t\t\t\t\t\t\t\t\t\t\t\t\t<h2 class=\"premium-blog-entry-title\">\r\n\t\t\t<a href=\"https:\/\/sites.usp.br\/uspsustentabilidade\/2023\/08\/02\/conheca-o-usp-sustentarea\/\" target=\"_blank\">\r\n\t\t\t\tConhe\u00e7a o USP Sustentarea\t\t\t<\/a>\r\n\t\t<\/h2>\r\n\t\t\t\t<div class=\"premium-blog-entry-meta\">\r\n\t\t\t\r\n\t\t\t\t\t\t\t<span class=\"premium-blog-meta-separator\">\u2022<\/span>\r\n\t\t\t\t<div class=\"premium-blog-post-time premium-blog-meta-data\">\r\n\t\t\t\t\t<i class=\"fa fa-calendar-alt\" aria-hidden=\"true\"><\/i>\r\n\t\t\t\t\t<span>2 de agosto de 2023<\/span>\r\n\t\t\t\t<\/div>\r\n\t\t\t\r\n\t\t\t\t\t\t\t<span class=\"premium-blog-meta-separator\">\u2022<\/span>\r\n\t\t\t\t<div class=\"premium-blog-post-categories premium-blog-meta-data\">\r\n\t\t\t\t\t<i class=\"fa fa-align-left fa-fw\" aria-hidden=\"true\"><\/i>\r\n\t\t\t\t\t<a href=\"https:\/\/sites.usp.br\/uspsustentabilidade\/category\/projeto\/\" rel=\"category tag\">Projeto<\/a>\t\t\t\t<\/div>\r\n\t\t\t\r\n\t\t\t\t\t<\/div>\r\n\t\t\r\n\t\t\t\t\t<\/div>\r\n\r\n\t\t\t\t\t\t\t<div class=\"premium-blog-content-inner-wrapper\">\r\n\t\t<p class=\"premium-blog-post-content\">Conhe\u00e7a o USP Sustentabilidade Venha conhecer o Espa\u00e7o USP Sustentabilidade (Programa de Pr\u00e1ticas Integradas Sustent\u00e1veis) que est\u00e1 localizado no Centro de Pr\u00e1ticas \u2026<\/p>\t\t<\/div>\r\n\t\t\t\t\t\t\t\r\n\t\t\t\t<\/div>\r\n\t\t\t<\/div>\r\n\t\t<\/div>\r\n\r\n\t\t\t\t<div class=\"premium-blog-post-outer-container\" data-total=\"1\">\r\n\t\t\t<div class=\"premium-blog-post-container premium-blog-skin-classic\">\r\n\t\t\t\t\t\t\t\t\t<div class=\"premium-blog-thumb-effect-wrapper\">\r\n\t\t\t\t\t\t<div class=\"premium-blog-thumbnail-container premium-blog-zoomin-effect\">\r\n\t\t\t\t\t\t\t<img decoding=\"async\" width=\"2560\" height=\"1707\" src=\"https:\/\/sites.usp.br\/uspsustentabilidade\/wp-content\/uploads\/sites\/1253\/2023\/08\/IMG_9904-scaled.jpg\" class=\"attachment-full size-full wp-image-367\" alt=\"\" srcset=\"https:\/\/sites.usp.br\/uspsustentabilidade\/wp-content\/uploads\/sites\/1253\/2023\/08\/IMG_9904-scaled.jpg 2560w, https:\/\/sites.usp.br\/uspsustentabilidade\/wp-content\/uploads\/sites\/1253\/2023\/08\/IMG_9904-300x200.jpg 300w, https:\/\/sites.usp.br\/uspsustentabilidade\/wp-content\/uploads\/sites\/1253\/2023\/08\/IMG_9904-1024x683.jpg 1024w, https:\/\/sites.usp.br\/uspsustentabilidade\/wp-content\/uploads\/sites\/1253\/2023\/08\/IMG_9904-768x512.jpg 768w, https:\/\/sites.usp.br\/uspsustentabilidade\/wp-content\/uploads\/sites\/1253\/2023\/08\/IMG_9904-1536x1024.jpg 1536w, https:\/\/sites.usp.br\/uspsustentabilidade\/wp-content\/uploads\/sites\/1253\/2023\/08\/IMG_9904-2048x1365.jpg 2048w\" sizes=\"(max-width: 2560px) 100vw, 2560px\" \/>\t\t\t\t\t\t<\/div>\r\n\t\t\t\t\t\t\t\t\t\t\t\t\t<div class=\"premium-blog-thumbnail-overlay\">\r\n\t\t\t\t\t\t\t\t<a class=\"elementor-icon\" href=\"https:\/\/sites.usp.br\/uspsustentabilidade\/2022\/10\/29\/oficina-culinaria-mes-das-criancas-29-10-2022\/\" target=\"_blank\" aria-hidden=\"true\"><span>Oficina Culin\u00e1ria &#8211; M\u00eas das crian\u00e7as | 29.10.2022<\/span><\/a>\r\n\t\t\t\t\t\t\t<\/div>\r\n\r\n\t\t\t\t\t\t\t\t\t\t\t\t\t\t\t\t\t\t<\/div>\r\n\t\t\t\t\t\t\t\t\t\t\t\t<div class=\"premium-blog-content-wrapper \">\r\n\r\n\t\t\t\t\t<div class=\"premium-blog-inner-container\">\r\n\r\n\t\t\t\t\t\t\t\t\t\t\t\t\t\t<h2 class=\"premium-blog-entry-title\">\r\n\t\t\t<a href=\"https:\/\/sites.usp.br\/uspsustentabilidade\/2022\/10\/29\/oficina-culinaria-mes-das-criancas-29-10-2022\/\" target=\"_blank\">\r\n\t\t\t\tOficina Culin\u00e1ria &#8211; M\u00eas das crian\u00e7as | 29.10.2022\t\t\t<\/a>\r\n\t\t<\/h2>\r\n\t\t\t\t<div class=\"premium-blog-entry-meta\">\r\n\t\t\t\r\n\t\t\t\t\t\t\t<span class=\"premium-blog-meta-separator\">\u2022<\/span>\r\n\t\t\t\t<div class=\"premium-blog-post-time premium-blog-meta-data\">\r\n\t\t\t\t\t<i class=\"fa fa-calendar-alt\" aria-hidden=\"true\"><\/i>\r\n\t\t\t\t\t<span>29 de outubro de 2022<\/span>\r\n\t\t\t\t<\/div>\r\n\t\t\t\r\n\t\t\t\t\t\t\t<span class=\"premium-blog-meta-separator\">\u2022<\/span>\r\n\t\t\t\t<div class=\"premium-blog-post-categories premium-blog-meta-data\">\r\n\t\t\t\t\t<i class=\"fa fa-align-left fa-fw\" aria-hidden=\"true\"><\/i>\r\n\t\t\t\t\t<a href=\"https:\/\/sites.usp.br\/uspsustentabilidade\/category\/galeria-de-fotos\/\" rel=\"category tag\">Galeria de Fotos<\/a>\t\t\t\t<\/div>\r\n\t\t\t\r\n\t\t\t\t\t<\/div>\r\n\t\t\r\n\t\t\t\t\t<\/div>\r\n\r\n\t\t\t\t\t\t\t<div class=\"premium-blog-content-inner-wrapper\">\r\n\t\t<p class=\"premium-blog-post-content\">Oficina Culin\u00e1ria &#8211; M\u00eas das Crian\u00e7as Com o dia das crian\u00e7as em outubro, preparamos uma oficina culin\u00e1ria dedicada a essa data especial. \u2026<\/p>\t\t<\/div>\r\n\t\t\t\t\t\t\t\r\n\t\t\t\t<\/div>\r\n\t\t\t<\/div>\r\n\t\t<\/div>\r\n\r\n\t\t\t\t<div class=\"premium-blog-post-outer-container\" data-total=\"1\">\r\n\t\t\t<div class=\"premium-blog-post-container premium-blog-skin-classic\">\r\n\t\t\t\t\t\t\t\t\t<div class=\"premium-blog-thumb-effect-wrapper\">\r\n\t\t\t\t\t\t<div class=\"premium-blog-thumbnail-container premium-blog-zoomin-effect\">\r\n\t\t\t\t\t\t\t<img decoding=\"async\" width=\"2560\" height=\"1920\" src=\"https:\/\/sites.usp.br\/uspsustentabilidade\/wp-content\/uploads\/sites\/1253\/2022\/01\/20220111_115222-scaled.jpg\" class=\"attachment-full size-full wp-image-342\" alt=\"\" srcset=\"https:\/\/sites.usp.br\/uspsustentabilidade\/wp-content\/uploads\/sites\/1253\/2022\/01\/20220111_115222-scaled.jpg 2560w, https:\/\/sites.usp.br\/uspsustentabilidade\/wp-content\/uploads\/sites\/1253\/2022\/01\/20220111_115222-300x225.jpg 300w, https:\/\/sites.usp.br\/uspsustentabilidade\/wp-content\/uploads\/sites\/1253\/2022\/01\/20220111_115222-1024x768.jpg 1024w, https:\/\/sites.usp.br\/uspsustentabilidade\/wp-content\/uploads\/sites\/1253\/2022\/01\/20220111_115222-768x576.jpg 768w, https:\/\/sites.usp.br\/uspsustentabilidade\/wp-content\/uploads\/sites\/1253\/2022\/01\/20220111_115222-1536x1152.jpg 1536w, https:\/\/sites.usp.br\/uspsustentabilidade\/wp-content\/uploads\/sites\/1253\/2022\/01\/20220111_115222-2048x1536.jpg 2048w, https:\/\/sites.usp.br\/uspsustentabilidade\/wp-content\/uploads\/sites\/1253\/2022\/01\/20220111_115222-80x60.jpg 80w\" sizes=\"(max-width: 2560px) 100vw, 2560px\" \/>\t\t\t\t\t\t<\/div>\r\n\t\t\t\t\t\t\t\t\t\t\t\t\t<div class=\"premium-blog-thumbnail-overlay\">\r\n\t\t\t\t\t\t\t\t<a class=\"elementor-icon\" href=\"https:\/\/sites.usp.br\/uspsustentabilidade\/2022\/01\/11\/mutirao-da-horta-11-01-2022\/\" target=\"_blank\" aria-hidden=\"true\"><span>Mutir\u00e3o da Horta | 11.01.2022<\/span><\/a>\r\n\t\t\t\t\t\t\t<\/div>\r\n\r\n\t\t\t\t\t\t\t\t\t\t\t\t\t\t\t\t\t\t<\/div>\r\n\t\t\t\t\t\t\t\t\t\t\t\t<div class=\"premium-blog-content-wrapper \">\r\n\r\n\t\t\t\t\t<div class=\"premium-blog-inner-container\">\r\n\r\n\t\t\t\t\t\t\t\t\t\t\t\t\t\t<h2 class=\"premium-blog-entry-title\">\r\n\t\t\t<a href=\"https:\/\/sites.usp.br\/uspsustentabilidade\/2022\/01\/11\/mutirao-da-horta-11-01-2022\/\" target=\"_blank\">\r\n\t\t\t\tMutir\u00e3o da Horta | 11.01.2022\t\t\t<\/a>\r\n\t\t<\/h2>\r\n\t\t\t\t<div class=\"premium-blog-entry-meta\">\r\n\t\t\t\r\n\t\t\t\t\t\t\t<span class=\"premium-blog-meta-separator\">\u2022<\/span>\r\n\t\t\t\t<div class=\"premium-blog-post-time premium-blog-meta-data\">\r\n\t\t\t\t\t<i class=\"fa fa-calendar-alt\" aria-hidden=\"true\"><\/i>\r\n\t\t\t\t\t<span>11 de janeiro de 2022<\/span>\r\n\t\t\t\t<\/div>\r\n\t\t\t\r\n\t\t\t\t\t\t\t<span class=\"premium-blog-meta-separator\">\u2022<\/span>\r\n\t\t\t\t<div class=\"premium-blog-post-categories premium-blog-meta-data\">\r\n\t\t\t\t\t<i class=\"fa fa-align-left fa-fw\" aria-hidden=\"true\"><\/i>\r\n\t\t\t\t\t<a href=\"https:\/\/sites.usp.br\/uspsustentabilidade\/category\/galeria-de-fotos\/\" rel=\"category tag\">Galeria de Fotos<\/a>\t\t\t\t<\/div>\r\n\t\t\t\r\n\t\t\t\t\t<\/div>\r\n\t\t\r\n\t\t\t\t\t<\/div>\r\n\r\n\t\t\t\t\t\t\t<div class=\"premium-blog-content-inner-wrapper\">\r\n\t\t<p class=\"premium-blog-post-content\">Mutir\u00e3o na horta No dia 22 de janeiro de 2022, foi realizado o nosso mutir\u00e3o na horta do CEPEUSP! Veja como foram \u2026<\/p>\t\t<\/div>\r\n\t\t\t\t\t\t\t\r\n\t\t\t\t<\/div>\r\n\t\t\t<\/div>\r\n\t\t<\/div>\r\n\r\n\t\t\t\t<div class=\"premium-blog-post-outer-container\" data-total=\"1\">\r\n\t\t\t<div class=\"premium-blog-post-container premium-blog-skin-classic\">\r\n\t\t\t\t\t\t\t\t\t<div class=\"premium-blog-thumb-effect-wrapper\">\r\n\t\t\t\t\t\t<div class=\"premium-blog-thumbnail-container premium-blog-zoomin-effect\">\r\n\t\t\t\t\t\t\t<img loading=\"lazy\" decoding=\"async\" width=\"2560\" height=\"1707\" src=\"https:\/\/sites.usp.br\/uspsustentabilidade\/wp-content\/uploads\/sites\/1253\/2021\/11\/IMG_4142-2-scaled.jpg\" class=\"attachment-full size-full wp-image-287\" alt=\"\" srcset=\"https:\/\/sites.usp.br\/uspsustentabilidade\/wp-content\/uploads\/sites\/1253\/2021\/11\/IMG_4142-2-scaled.jpg 2560w, https:\/\/sites.usp.br\/uspsustentabilidade\/wp-content\/uploads\/sites\/1253\/2021\/11\/IMG_4142-2-300x200.jpg 300w, https:\/\/sites.usp.br\/uspsustentabilidade\/wp-content\/uploads\/sites\/1253\/2021\/11\/IMG_4142-2-1024x683.jpg 1024w, https:\/\/sites.usp.br\/uspsustentabilidade\/wp-content\/uploads\/sites\/1253\/2021\/11\/IMG_4142-2-768x512.jpg 768w, https:\/\/sites.usp.br\/uspsustentabilidade\/wp-content\/uploads\/sites\/1253\/2021\/11\/IMG_4142-2-1536x1024.jpg 1536w, https:\/\/sites.usp.br\/uspsustentabilidade\/wp-content\/uploads\/sites\/1253\/2021\/11\/IMG_4142-2-2048x1365.jpg 2048w\" sizes=\"(max-width: 2560px) 100vw, 2560px\" \/>\t\t\t\t\t\t<\/div>\r\n\t\t\t\t\t\t\t\t\t\t\t\t\t<div class=\"premium-blog-thumbnail-overlay\">\r\n\t\t\t\t\t\t\t\t<a class=\"elementor-icon\" href=\"https:\/\/sites.usp.br\/uspsustentabilidade\/2021\/11\/26\/lancamento-do-projeto\/\" target=\"_blank\" aria-hidden=\"true\"><span>Lan\u00e7amento do Projeto | 26.11.2021<\/span><\/a>\r\n\t\t\t\t\t\t\t<\/div>\r\n\r\n\t\t\t\t\t\t\t\t\t\t\t\t\t\t\t\t\t\t<\/div>\r\n\t\t\t\t\t\t\t\t\t\t\t\t<div class=\"premium-blog-content-wrapper \">\r\n\r\n\t\t\t\t\t<div class=\"premium-blog-inner-container\">\r\n\r\n\t\t\t\t\t\t\t\t\t\t\t\t\t\t<h2 class=\"premium-blog-entry-title\">\r\n\t\t\t<a href=\"https:\/\/sites.usp.br\/uspsustentabilidade\/2021\/11\/26\/lancamento-do-projeto\/\" target=\"_blank\">\r\n\t\t\t\tLan\u00e7amento do Projeto | 26.11.2021\t\t\t<\/a>\r\n\t\t<\/h2>\r\n\t\t\t\t<div class=\"premium-blog-entry-meta\">\r\n\t\t\t\r\n\t\t\t\t\t\t\t<span class=\"premium-blog-meta-separator\">\u2022<\/span>\r\n\t\t\t\t<div class=\"premium-blog-post-time premium-blog-meta-data\">\r\n\t\t\t\t\t<i class=\"fa fa-calendar-alt\" aria-hidden=\"true\"><\/i>\r\n\t\t\t\t\t<span>26 de novembro de 2021<\/span>\r\n\t\t\t\t<\/div>\r\n\t\t\t\r\n\t\t\t\t\t\t\t<span class=\"premium-blog-meta-separator\">\u2022<\/span>\r\n\t\t\t\t<div class=\"premium-blog-post-categories premium-blog-meta-data\">\r\n\t\t\t\t\t<i class=\"fa fa-align-left fa-fw\" aria-hidden=\"true\"><\/i>\r\n\t\t\t\t\t<a href=\"https:\/\/sites.usp.br\/uspsustentabilidade\/category\/galeria-de-fotos\/\" rel=\"category tag\">Galeria de Fotos<\/a>\t\t\t\t<\/div>\r\n\t\t\t\r\n\t\t\t\t\t<\/div>\r\n\t\t\r\n\t\t\t\t\t<\/div>\r\n\r\n\t\t\t\t\t\t\t<div class=\"premium-blog-content-inner-wrapper\">\r\n\t\t<p class=\"premium-blog-post-content\">Lan\u00e7amento do Projeto No dia 26 de novembro de 2021, ocorreu o evento de lan\u00e7amento do USP Sustentabilidade na horta do CEPEUSP! \u2026<\/p>\t\t<\/div>\r\n\t\t\t\t\t\t\t\r\n\t\t\t\t<\/div>\r\n\t\t\t<\/div>\r\n\t\t<\/div>\r\n\r\n\t\t\t\t<\/div>\r\n\r\n\t\t\t\t<\/div>\n\t\t\t\t<\/div>\n\t\t\t\t<div class=\"elementor-element elementor-element-1340135 elementor-widget elementor-widget-spacer\" data-id=\"1340135\" data-element_type=\"widget\" data-widget_type=\"spacer.default\">\n\t\t\t\t<div class=\"elementor-widget-container\">\n\t\t\t\t\t<div class=\"elementor-spacer\">\n\t\t\t<div class=\"elementor-spacer-inner\"><\/div>\n\t\t<\/div>\n\t\t\t\t<\/div>\n\t\t\t\t<\/div>\n\t\t\t\t\t<\/div>\n\t\t<\/div>\n\t\t\t\t\t<\/div>\n\t\t<\/section>\n\t\t\t\t<\/div>\n\t\t","protected":false},"excerpt":{"rendered":"<p>\u00daltimas Publica\u00e7\u00f5es Conhe\u00e7a o USP Sustentarea Conhe\u00e7a o USP Sustentarea \u2022 2 de agosto de 2023 \u2022 Projeto Conhe\u00e7a o USP Sustentabilidade Venha conhecer o Espa\u00e7o USP Sustentabilidade (Programa de Pr\u00e1ticas Integradas Sustent\u00e1veis) que est\u00e1 localizado no Centro de Pr\u00e1ticas \u2026 Mutir\u00e3o da Horta | 11.01.2022 \u2022 11 de janeiro de 2022 \u2022 Galeria de [&hellip;]<\/p>\n","protected":false},"author":23627,"featured_media":0,"parent":0,"menu_order":0,"comment_status":"closed","ping_status":"closed","template":"elementor_theme","meta":{"ocean_post_layout":"","ocean_both_sidebars_style":"","ocean_both_sidebars_content_width":0,"ocean_both_sidebars_sidebars_width":0,"ocean_sidebar":"","ocean_second_sidebar":"","ocean_disable_margins":"enable","ocean_add_body_class":"","ocean_shortcode_before_top_bar":"","ocean_shortcode_after_top_bar":"","ocean_shortcode_before_header":"","ocean_shortcode_after_header":"","ocean_has_shortcode":"","ocean_shortcode_after_title":"","ocean_shortcode_before_footer_widgets":"","ocean_shortcode_after_footer_widgets":"","ocean_shortcode_before_footer_bottom":"","ocean_shortcode_after_footer_bottom":"","ocean_display_top_bar":"default","ocean_display_header":"default","ocean_header_style":"","ocean_center_header_left_menu":"","ocean_custom_header_template":"","ocean_custom_logo":0,"ocean_custom_retina_logo":0,"ocean_custom_logo_max_width":0,"ocean_custom_logo_tablet_max_width":0,"ocean_custom_logo_mobile_max_width":0,"ocean_custom_logo_max_height":0,"ocean_custom_logo_tablet_max_height":0,"ocean_custom_logo_mobile_max_height":0,"ocean_header_custom_menu":"","ocean_menu_typo_font_family":"","ocean_menu_typo_font_subset":"","ocean_menu_typo_font_size":0,"ocean_menu_typo_font_size_tablet":0,"ocean_menu_typo_font_size_mobile":0,"ocean_menu_typo_font_size_unit":"px","ocean_menu_typo_font_weight":"","ocean_menu_typo_font_weight_tablet":"","ocean_menu_typo_font_weight_mobile":"","ocean_menu_typo_transform":"","ocean_menu_typo_transform_tablet":"","ocean_menu_typo_transform_mobile":"","ocean_menu_typo_line_height":0,"ocean_menu_typo_line_height_tablet":0,"ocean_menu_typo_line_height_mobile":0,"ocean_menu_typo_line_height_unit":"","ocean_menu_typo_spacing":0,"ocean_menu_typo_spacing_tablet":0,"ocean_menu_typo_spacing_mobile":0,"ocean_menu_typo_spacing_unit":"","ocean_menu_link_color":"","ocean_menu_link_color_hover":"","ocean_menu_link_color_active":"","ocean_menu_link_background":"","ocean_menu_link_hover_background":"","ocean_menu_link_active_background":"","ocean_menu_social_links_bg":"","ocean_menu_social_hover_links_bg":"","ocean_menu_social_links_color":"","ocean_menu_social_hover_links_color":"","ocean_disable_title":"default","ocean_disable_heading":"default","ocean_post_title":"","ocean_post_subheading":"","ocean_post_title_style":"","ocean_post_title_background_color":"","ocean_post_title_background":0,"ocean_post_title_bg_image_position":"","ocean_post_title_bg_image_attachment":"","ocean_post_title_bg_image_repeat":"","ocean_post_title_bg_image_size":"","ocean_post_title_height":0,"ocean_post_title_bg_overlay":0.5,"ocean_post_title_bg_overlay_color":"","ocean_disable_breadcrumbs":"default","ocean_breadcrumbs_color":"","ocean_breadcrumbs_separator_color":"","ocean_breadcrumbs_links_color":"","ocean_breadcrumbs_links_hover_color":"","ocean_display_footer_widgets":"default","ocean_display_footer_bottom":"default","ocean_custom_footer_template":"","footnotes":"","_links_to":"","_links_to_target":""},"class_list":["post-226","page","type-page","status-publish","hentry","entry","has-media"],"_links":{"self":[{"href":"https:\/\/sites.usp.br\/uspsustentabilidade\/wp-json\/wp\/v2\/pages\/226","targetHints":{"allow":["GET"]}}],"collection":[{"href":"https:\/\/sites.usp.br\/uspsustentabilidade\/wp-json\/wp\/v2\/pages"}],"about":[{"href":"https:\/\/sites.usp.br\/uspsustentabilidade\/wp-json\/wp\/v2\/types\/page"}],"author":[{"embeddable":true,"href":"https:\/\/sites.usp.br\/uspsustentabilidade\/wp-json\/wp\/v2\/users\/23627"}],"replies":[{"embeddable":true,"href":"https:\/\/sites.usp.br\/uspsustentabilidade\/wp-json\/wp\/v2\/comments?post=226"}],"version-history":[{"count":4,"href":"https:\/\/sites.usp.br\/uspsustentabilidade\/wp-json\/wp\/v2\/pages\/226\/revisions"}],"predecessor-version":[{"id":345,"href":"https:\/\/sites.usp.br\/uspsustentabilidade\/wp-json\/wp\/v2\/pages\/226\/revisions\/345"}],"wp:attachment":[{"href":"https:\/\/sites.usp.br\/uspsustentabilidade\/wp-json\/wp\/v2\/media?parent=226"}],"curies":[{"name":"wp","href":"https:\/\/api.w.org\/{rel}","templated":true}]}}