{"id":303,"date":"2024-03-21T10:53:49","date_gmt":"2024-03-21T13:53:49","guid":{"rendered":"https:\/\/sites.usp.br\/zonascinzentas\/sub-1-2\/"},"modified":"2024-04-11T21:47:10","modified_gmt":"2024-04-12T00:47:10","slug":"sub-2","status":"publish","type":"page","link":"https:\/\/sites.usp.br\/zonascinzentas\/sub-2\/","title":{"rendered":"Submissions"},"content":{"rendered":"\t\t<div data-elementor-type=\"wp-page\" data-elementor-id=\"303\" class=\"elementor elementor-303\">\n\t\t\t\t\t\t<section class=\"elementor-section elementor-top-section elementor-element elementor-element-15f5bfe8 elementor-section-full_width elementor-section-height-default elementor-section-height-default\" data-id=\"15f5bfe8\" data-element_type=\"section\">\n\t\t\t\t\t\t<div class=\"elementor-container elementor-column-gap-no\">\n\t\t\t\t\t<div class=\"elementor-column elementor-col-100 elementor-top-column elementor-element elementor-element-3b599053\" data-id=\"3b599053\" data-element_type=\"column\">\n\t\t\t<div class=\"elementor-widget-wrap elementor-element-populated\">\n\t\t\t\t\t\t<div class=\"elementor-element elementor-element-f3f2739 elementor-align-right elementor-absolute elementor-widget elementor-widget-button\" data-id=\"f3f2739\" data-element_type=\"widget\" data-settings=\"{&quot;_position&quot;:&quot;absolute&quot;}\" data-widget_type=\"button.default\">\n\t\t\t\t<div class=\"elementor-widget-container\">\n\t\t\t\t\t\t\t<div class=\"elementor-button-wrapper\">\n\t\t\t\t\t<a class=\"elementor-button elementor-button-link elementor-size-sm\" href=\"https:\/\/sites.usp.br\/zonascinzentas\/sub-1\/%20\">\n\t\t\t\t\t\t<span class=\"elementor-button-content-wrapper\">\n\t\t\t\t\t\t\t\t\t<span class=\"elementor-button-text\">PT<\/span>\n\t\t\t\t\t<\/span>\n\t\t\t\t\t<\/a>\n\t\t\t\t<\/div>\n\t\t\t\t\t\t<\/div>\n\t\t\t\t<\/div>\n\t\t\t\t<div class=\"elementor-element elementor-element-6f196b0 elementor-align-right elementor-absolute elementor-widget elementor-widget-button\" data-id=\"6f196b0\" data-element_type=\"widget\" data-settings=\"{&quot;_position&quot;:&quot;absolute&quot;}\" data-widget_type=\"button.default\">\n\t\t\t\t<div class=\"elementor-widget-container\">\n\t\t\t\t\t\t\t<div class=\"elementor-button-wrapper\">\n\t\t\t\t\t<a class=\"elementor-button elementor-button-link elementor-size-sm\" href=\"https:\/\/sites.usp.br\/zonascinzentas\/sub-3\/%20\">\n\t\t\t\t\t\t<span class=\"elementor-button-content-wrapper\">\n\t\t\t\t\t\t\t\t\t<span class=\"elementor-button-text\">ES<\/span>\n\t\t\t\t\t<\/span>\n\t\t\t\t\t<\/a>\n\t\t\t\t<\/div>\n\t\t\t\t\t\t<\/div>\n\t\t\t\t<\/div>\n\t\t\t\t<div class=\"elementor-element elementor-element-efe949c elementor-align-right elementor-absolute elementor-widget elementor-widget-button\" data-id=\"efe949c\" data-element_type=\"widget\" data-settings=\"{&quot;_position&quot;:&quot;absolute&quot;}\" data-widget_type=\"button.default\">\n\t\t\t\t<div class=\"elementor-widget-container\">\n\t\t\t\t\t\t\t<div class=\"elementor-button-wrapper\">\n\t\t\t\t\t<a class=\"elementor-button elementor-button-link elementor-size-sm\" href=\"https:\/\/sites.usp.br\/zonascinzentas\/sub-4\/\">\n\t\t\t\t\t\t<span class=\"elementor-button-content-wrapper\">\n\t\t\t\t\t\t\t\t\t<span class=\"elementor-button-text\">FR<\/span>\n\t\t\t\t\t<\/span>\n\t\t\t\t\t<\/a>\n\t\t\t\t<\/div>\n\t\t\t\t\t\t<\/div>\n\t\t\t\t<\/div>\n\t\t\t\t<div class=\"elementor-element elementor-element-fbfb0b0 elementor-widget elementor-widget-heading\" data-id=\"fbfb0b0\" data-element_type=\"widget\" data-widget_type=\"heading.default\">\n\t\t\t\t<div class=\"elementor-widget-container\">\n\t\t\t<h2 class=\"elementor-heading-title elementor-size-default\">Submissions<\/h2>\t\t<\/div>\n\t\t\t\t<\/div>\n\t\t\t\t<div class=\"elementor-element elementor-element-46332be elementor-widget elementor-widget-text-editor\" data-id=\"46332be\" data-element_type=\"widget\" data-widget_type=\"text-editor.default\">\n\t\t\t\t<div class=\"elementor-widget-container\">\n\t\t\t\t\t\t\t<p>The symposium intends to compare the experience of platform workers through that of the emblematic figures of passenger app drivers and couriers\u2013meals and food shopping.<\/p><p>Contributions from interested parties would be welcome, amongst other angles, on:<\/p><ul><li>situated case studies exploring the epistemology of their approach to research in this area;<\/li><li>the comparison and circulation of objects, norms, regulations and practices of platform work, as well as the evolution of platform business models from the perspective of their reception in national contexts, notably starting with experiences in the South;<\/li><li>the nature of a \u201cplatform capitalism\u201d including, to follow one hypothesis, the degree to which it should be understood from the angle of racialization and its articulation with other social relations (gender, class, etc.);<\/li><li>the study of grey zones, the social spaces of work and employment transformations and recompositions that are brought about by platform work and their comparison of national experiences between North and South;<\/li><li>the application of epistemologies of comparison, including a reflection on inter- and trans-disciplinarity, conceived in their \u201cglobality\u201d.<\/li><\/ul><p>Theoretical contributions on paradigms to provide adequate concepts and categories for new or renewed conditions produced by platform work in the North and in the South are also welcome.<\/p><p>What epistemplogy(ies) are necessary to study platform work?<\/p><p>This symposium is organized by the ANR research projet Regreyz&amp;Co \u00ab\u00a0Grey zones and Territory: Transformation of work and the emerging figure of Platform Worker.\u00a0A France-Brazil comparison\u00a0\u00bb (CNRS\/FAPESP),\u00a0in partnership with l&#8217;Universit\u00e9 Paris-Est Cr\u00e9teil and the Law Faculty at Universidade de Paran\u00e1, Curitiba.<\/p>\t\t\t\t\t\t<\/div>\n\t\t\t\t<\/div>\n\t\t\t\t<div class=\"elementor-element elementor-element-6d4958b elementor-widget elementor-widget-heading\" data-id=\"6d4958b\" data-element_type=\"widget\" data-widget_type=\"heading.default\">\n\t\t\t\t<div class=\"elementor-widget-container\">\n\t\t\t<h5 class=\"elementor-heading-title elementor-size-default\">Submission Instructions<\/h5>\t\t<\/div>\n\t\t\t\t<\/div>\n\t\t\t\t<div class=\"elementor-element elementor-element-23202fa elementor-widget__width-initial elementor-widget elementor-widget-text-editor\" data-id=\"23202fa\" data-element_type=\"widget\" data-widget_type=\"text-editor.default\">\n\t\t\t\t<div class=\"elementor-widget-container\">\n\t\t\t\t\t\t\t<p>Please send abstracts (of a maximum 3,000 signs, including spaces) for papers in English, Spanish, French or Portuguese, with a short bio to: <strong>col.zonascinzentas@ gmail.com<\/strong><\/p>\n<p>Deadline for submission:&nbsp;<span style=\"font-family: Nunito, sans-serif; font-size: 16px; font-style: normal; font-variant-ligatures: normal; font-variant-caps: normal; letter-spacing: var( --e-global-typography-text-letter-spacing ); text-transform: var( --e-global-typography-text-text-transform ); background-color: var( --e-global-color-secondary ); font-weight: 600;\">May<\/span><span style=\"font-family: Nunito, sans-serif; font-size: 16px; font-style: normal; font-variant-ligatures: normal; font-variant-caps: normal; letter-spacing: var( --e-global-typography-text-letter-spacing ); text-transform: var( --e-global-typography-text-text-transform ); background-color: var( --e-global-color-secondary ); font-weight: 600;\">&nbsp;15, 2024<\/span><\/p>\n<p><span style=\"font-size: 16px; letter-spacing: var( --e-global-typography-text-letter-spacing ); text-transform: var( --e-global-typography-text-text-transform ); background-color: var( --e-global-color-secondary );\">The symposium will be held in person and, for certain speakers, remotely. Please indicate whether you intend to attend the live symposium or prefer to participate remotely to enable us to ensure academic, scientific and geographical balance.<\/span><\/p>\t\t\t\t\t\t<\/div>\n\t\t\t\t<\/div>\n\t\t\t\t\t<\/div>\n\t\t<\/div>\n\t\t\t\t\t<\/div>\n\t\t<\/section>\n\t\t\t\t<\/div>\n\t\t","protected":false},"excerpt":{"rendered":"<p>PT ES FR Submissions The symposium intends to compare the experience of platform workers through that of the emblematic figures of passenger app drivers and couriers\u2013meals and food shopping. Contributions from interested parties would be welcome, amongst other angles, on: situated case studies exploring the epistemology of their approach to research in this area; the [&hellip;]<\/p>\n","protected":false},"author":680,"featured_media":0,"parent":0,"menu_order":0,"comment_status":"closed","ping_status":"closed","template":"elementor_header_footer","meta":{"footnotes":"","_links_to":"","_links_to_target":""},"class_list":["post-303","page","type-page","status-publish","hentry","entry"],"_links":{"self":[{"href":"https:\/\/sites.usp.br\/zonascinzentas\/wp-json\/wp\/v2\/pages\/303","targetHints":{"allow":["GET"]}}],"collection":[{"href":"https:\/\/sites.usp.br\/zonascinzentas\/wp-json\/wp\/v2\/pages"}],"about":[{"href":"https:\/\/sites.usp.br\/zonascinzentas\/wp-json\/wp\/v2\/types\/page"}],"author":[{"embeddable":true,"href":"https:\/\/sites.usp.br\/zonascinzentas\/wp-json\/wp\/v2\/users\/680"}],"replies":[{"embeddable":true,"href":"https:\/\/sites.usp.br\/zonascinzentas\/wp-json\/wp\/v2\/comments?post=303"}],"version-history":[{"count":4,"href":"https:\/\/sites.usp.br\/zonascinzentas\/wp-json\/wp\/v2\/pages\/303\/revisions"}],"predecessor-version":[{"id":736,"href":"https:\/\/sites.usp.br\/zonascinzentas\/wp-json\/wp\/v2\/pages\/303\/revisions\/736"}],"wp:attachment":[{"href":"https:\/\/sites.usp.br\/zonascinzentas\/wp-json\/wp\/v2\/media?parent=303"}],"curies":[{"name":"wp","href":"https:\/\/api.w.org\/{rel}","templated":true}]}}