{"id":952,"date":"2018-06-05T13:28:59","date_gmt":"2018-06-05T16:28:59","guid":{"rendered":"http:\/\/sites.usp.br\/zootjr\/?page_id=952"},"modified":"2018-06-05T14:07:41","modified_gmt":"2018-06-05T17:07:41","slug":"quem-somos","status":"publish","type":"page","link":"https:\/\/sites.usp.br\/zootjr\/quem-somos\/","title":{"rendered":"Quem Somos"},"content":{"rendered":"<p style=\"text-align: left\">A Zoot Jr., Empresa J\u00fanior de Zootecnia, est\u00e1 no mercado \u00e0 mais de 20 anos, auxiliando o desenvolvimento e fortalecimento do agroneg\u00f3cio na regi\u00e3o de Pirassununga, oferecendo maior rentabilidade e efetividade aos produtores e empreendedores atuantes no ramo. A sede da empresa\u00a0est\u00e1\u00a0inserida na Faculdade de Zootecnia e Engenharia de Alimentos da Universidade de S\u00e3o Paulo (USP), localizada no Campus Pirassununga &#8211; SP, na qual recebe apoio de funcion\u00e1rios e docentes renomados nos mais diversos ramos do mercado agropecu\u00e1rio, contando com\u00a0a possibilidade da utiliza\u00e7\u00e3o de laborat\u00f3rios e departamentos existentes dentro do Campus.<\/p>\n<p style=\"text-align: left\">A empresa foi criada com o intuito de vivenciar uma log\u00edstica empresarial somado ao desenvolvimento de pr\u00e1ticas t\u00e9cnicas de seus membros, oferecendo servi\u00e7os de excel\u00eancia com baixo custo e despesas. Atualmente foi inserida ao\u00a0N\u00facleo de Empresas Juniores da Universidade de S\u00e3o Paulo (USP J\u00fanior), conectando-se ao Movimento Empresa J\u00fanior (MEJ).<\/p>\n<p style=\"text-align: left\">Por ser uma Empresa J\u00fanior, n\u00e3o objetivamos lucros, mas sim a capacita\u00e7\u00e3o e desenvolvimento profissional de seus membros e colaboradores. Os servi\u00e7os de consultoria e acompanhamento t\u00e9cnico-rural\u00a0s\u00e3o dispostos \u00e0 baixo custo e com qualidade de excel\u00eancia levada pelo nome USP.<\/p>\n<hr \/>\n<h3 style=\"text-align: left\"><span style=\"color: #008080\">Quer conhecer um pouco mais sobre nossos servi\u00e7os?<\/span><\/h3>\n<p><a href=\"http:\/\/sites.usp.br\/zootjr\/wp-content\/uploads\/sites\/360\/2018\/05\/Simbolo-abelha-zoot.png\"><img loading=\"lazy\" decoding=\"async\" class=\"size-medium wp-image-931 aligncenter\" src=\"http:\/\/sites.usp.br\/zootjr\/wp-content\/uploads\/sites\/360\/2018\/05\/Simbolo-abelha-zoot-300x263.png\" alt=\"\" width=\"300\" height=\"263\" srcset=\"https:\/\/sites.usp.br\/zootjr\/wp-content\/uploads\/sites\/360\/2018\/05\/Simbolo-abelha-zoot-300x263.png 300w, https:\/\/sites.usp.br\/zootjr\/wp-content\/uploads\/sites\/360\/2018\/05\/Simbolo-abelha-zoot-768x672.png 768w, https:\/\/sites.usp.br\/zootjr\/wp-content\/uploads\/sites\/360\/2018\/05\/Simbolo-abelha-zoot-1024x896.png 1024w, https:\/\/sites.usp.br\/zootjr\/wp-content\/uploads\/sites\/360\/2018\/05\/Simbolo-abelha-zoot-400x350.png 400w\" sizes=\"auto, (max-width: 300px) 100vw, 300px\" \/><\/a><\/p>\n","protected":false},"excerpt":{"rendered":"<p>A Zoot Jr., Empresa J\u00fanior de Zootecnia, est\u00e1 no mercado \u00e0 mais de 20 anos, auxiliando o desenvolvimento e fortalecimento do agroneg\u00f3cio na regi\u00e3o de Pirassununga, oferecendo maior rentabilidade e efetividade aos produtores e empreendedores atuantes no ramo. A sede da empresa\u00a0est\u00e1\u00a0inserida na Faculdade de Zootecnia e Engenharia de Alimentos da Universidade de S\u00e3o Paulo [&hellip;]<\/p>\n","protected":false},"author":646,"featured_media":0,"parent":0,"menu_order":0,"comment_status":"closed","ping_status":"closed","template":"","meta":{"_monsterinsights_skip_tracking":false,"_monsterinsights_sitenote_active":false,"_monsterinsights_sitenote_note":"","_monsterinsights_sitenote_category":0,"footnotes":"","_links_to":"","_links_to_target":""},"class_list":["post-952","page","type-page","status-publish","hentry","entry"],"_links":{"self":[{"href":"https:\/\/sites.usp.br\/zootjr\/wp-json\/wp\/v2\/pages\/952","targetHints":{"allow":["GET"]}}],"collection":[{"href":"https:\/\/sites.usp.br\/zootjr\/wp-json\/wp\/v2\/pages"}],"about":[{"href":"https:\/\/sites.usp.br\/zootjr\/wp-json\/wp\/v2\/types\/page"}],"author":[{"embeddable":true,"href":"https:\/\/sites.usp.br\/zootjr\/wp-json\/wp\/v2\/users\/646"}],"replies":[{"embeddable":true,"href":"https:\/\/sites.usp.br\/zootjr\/wp-json\/wp\/v2\/comments?post=952"}],"version-history":[{"count":4,"href":"https:\/\/sites.usp.br\/zootjr\/wp-json\/wp\/v2\/pages\/952\/revisions"}],"predecessor-version":[{"id":959,"href":"https:\/\/sites.usp.br\/zootjr\/wp-json\/wp\/v2\/pages\/952\/revisions\/959"}],"wp:attachment":[{"href":"https:\/\/sites.usp.br\/zootjr\/wp-json\/wp\/v2\/media?parent=952"}],"curies":[{"name":"wp","href":"https:\/\/api.w.org\/{rel}","templated":true}]}}